e (14 - 7) + 17 - -6 - (-10 + 4 - -5).
31
(1 - (75 - 1)) + (-475 - -244) + 243
-61
Calculate -28 + 40 + (-6 + (2 + -1 - -8) - -45).
60
Evaluate 10 - (-99 + (-30 - (22 + -24 + -18))).
119
Calculate (44 - 47 - -11) + 4 + 5 + -4.
13
Calculate -21 - (5 + 9 + (-5 - 2)).
-28
5 + 46 + (18 - (15 + -6 - -13))
47
What is the value of (-82 - (-15 - -3)) + (-37 - -22)?
-85
Evaluate 64 - (1 - (8 + -1)) - 7 - (91 - 94).
66
What is the value of -17 + 7 - ((-2 - (3 + -1)) + 7)?
-13
What is the value of -5 + (-15 - (-4 + 4)) + -8 + 11?
-17
Evaluate 2 - (0 + -1) - (1 + (55 - 65)).
12
Calculate -22 + 66 + -53 + (-3 - (2 - 49)).
35
What is -2 - -9 - (-300 + 223) - (1 - 12)?
95
What is 2357 - 2372 - ((-3 - (2 + -1)) + 7)?
-18
What is the value of (-16 - (2 + (2 - 5) + -9)) + 14 + -52?
-44
What is 6 - 1 - (85 - 65) - -45?
30
Evaluate (-9 - -13) + (-4 + 86 + -10 + 0 - -2).
78
Evaluate (47 - (51 + 48)) + 83.
31
What is 16 + 35 + 11 + (-25 - 1)?
36
What is -15 + (11 + -7 - -15)?
4
6 + -5 + (17 - 4) + -20
-6
7 - -1 - (4 + 9 + -24 + -4)
23
Calculate -9 + -2 + 11 + 15 + -27 - -107.
95
Calculate 3 + (-27 - (5 + -5 + -29)) + (27 - 0).
32
What is the value of (-168 - -24) + 10 + 20?
-114
What is -21 + (-59 - (-89 - -39))?
-30
Calculate 3 - (59 - 73) - 96.
-79
What is (-1 - 2 - -16) + 24 + -1 + -23?
13
Calculate -2 + 35 + (-83 - -40) + 46 + (0 - 6).
30
What is -60 + 82 - 11 - (3 + -84 - -3)?
89
Calculate (26 - 5) + -8 + 13 + 3 + -8 + -3.
18
What is the value of -9 + 6 + -1 + 6 + -41 + 14?
-25
What is the value of 91 + -164 + 99 - -13?
39
Calculate -6 - (-18 + 9) - ((-23 - (8 - 17)) + -12).
29
Evaluate (31 - (3 - 0)) + (989 - 937).
80
What is the value of -29 + -1 + (17 - (8 + (-14 - -47 - 21)))?
-33
34 + 0 - (9 + -131 - -143)
13
Evaluate -13 + (226 + -190 - (15 - -2)).
6
27 - (7 + 11) - 43 - (-5 - -21)
-50
Evaluate 148 - (-47 + 6 + 116 - 34).
107
6 + -14 + (3 - 41)
-46
-106 + -17 + 108 + -46
-61
-3 + 5 + 4 + (0 - 2) + (22 - 17)
9
Calculate -6 + -10 + 4 - -30.
18
What is the value of -67 + 120 + (-29 - 1) - (3 - -100)?
-80
Evaluate 28 - (31 + -41 + 1 + -81).
118
0 - 2 - ((195 - 200 - (12 + -1)) + 14)
0
What is (-51 - 2) + -8749 + 8763?
-39
What is the value of (-566 - -563) + (36 - 4)?
29
What is the value of -7 - -2 - (117 - 133) - (-40 - -22)?
29
56 + (-41 - 3) + -61
-49
What is the value of (-84 - (-75 + 30)) + (7 - -76)?
44
Calculate -25 - (-63 + 10 + 37).
-9
Calculate -23 - (-3 - -1 - -3) - ((35 - 23) + -8).
-28
What is the value of 83 + (6 - -19) - (119 + -135)?
124
2 + (-19 - -11) + 18 + 43 - (1 - 2)
56
(-9 + (4 + 10 - 11) - -15) + (2 - 16)
-5
20 + (-139 - (37 + -121))
-35
(19 - 14) + -28 + 0 + 91
68
Calculate (-2 + 34 - 12) + -20 + -57 + -1.
-58
Evaluate 1 + -6 + -35 + 28 + 29.
17
Evaluate 2 + -52 - (-56 + 55 + 5) - (-1 - -1).
-54
What is the value of 23 - (0 + (-9 + 32 - 45) + 18)?
27
Evaluate -27 + 38 + 0 + -50 + 14 + (-14 - 3).
-42
What is the value of 31 + (1 - (5 + -6 + 7)) + 7 + -1?
32
What is the value of -17 - (13 - ((-7 - -19) + -21))?
-39
Calculate -10 + -11 - ((-2 - -5) + (-189 - -69)).
96
What is the value of -1 - (-798 + 827 + (-69 - 1))?
40
Evaluate 0 + (0 - -14 - (13 - 26)).
27
Evaluate -7 - (4 + (-125 + 116 - (2 + -8)) - 4).
-4
Evaluate 16 + 18 + (-22 - -7) + -3 + 9.
25
What is the value of -208 + 174 - (2 - 9)?
-27
1 + (-4 - -38) + (318 - 310) - 0
43
2 - ((1 - 14) + -7) - -21
43
Calculate (40 - (-46 + 39)) + -16.
31
What is the value of -10 + 18 + -39 - -28?
-3
What is the value of -120 + (6 - (193 - 182 - (1 - -12)))?
-112
Evaluate 21 + -97 + (77 - 25).
-24
What is the value of (12 + (-1 - (3 + -2)) + 22 - 4) + 7?
35
63 - ((233 - 154) + -91)
75
23 - (-4 + 1) - (621 + -614)
19
Calculate (70 - 83 - -43) + -1 + 31.
60
Evaluate 0 + -6 + 11 - ((-3 - -2) + (15 - 5)).
-4
Evaluate (-295 - -296) + (-2 - (23 - ((0 - -3) + -1))).
-22
Evaluate 57 + -9 + -15 + -30.
3
What is the value of -1 - -22 - (24 + -31 + (34 - 31))?
25
What is (-14 - -44) + (14 - 105) + -10?
-71
27 + (-8 - (22 + -15)) - 12 - (5 + 1)
-6
What is the value of 1 + (0 - 16) + (-104 + 123 - -47)?
51
What is -9 - ((-489 - -494) + (-1 - (-1 + 32 + -1)))?
17
Calculate -4 - 68 - (439 - 480).
-31
What is the value of (-237 + 143 - -108) + -4 + 2 + 0 + -131?
-119
What is the value of 14 + (-11 - (11 + -20)) + (-24 - -12)?
0
What is (-14 - (9 + -27)) + (0 - (10 - -4)) - -85?
75
Calculate 0 + -25 + (-354 - -362) - (-7 - (5 + -4)).
-9
What is 93 + (1 - 5) - 5 - 7 - (58 - 45)?
64
What is -85 + 51 - -77 - (10 + -109)?
142
What is 4 - 2 - ((-90 + 98 - (1 + 9)) + 1)?
3
(10 - -1) + 11 + (6 - 17 - -13)
24
What is the value of -28 + 71 + -199 + 132?
-24
What is 21 + (-9 + 4 - -5 - (31 + -21))?
11
Evaluate -2 + 1 + (-3 - -27) + 180 + -277.
-74
What is the value of (82 - (18 + 24 + -19)) + -13?
46
1 + (10 + -36 - (-80 + 124))
-69
What is the value of (-3 + 16 - (16 - -13 - 20)) + -7 + 11?
8
Evaluate 66 - 40 - (5 - (15 + -1)) - -7.
42
Calculate 4 - (3 + (0 - 3 - (37 - 62))).
-21
Calculate -16 - (-3 - (-8 + 89) - -15).
53
What is 25 + (71 - (-290 + 300 + (-22 - -1)))?
107
What is -144 + 34 + -5 + 86?
-29
Calculate 20 - 80 - (-244 - -173).
11
What is the value of 24 - 60 - (1 - (7 + (-6 - -7) - 6))?
-35
What is the value of 2 + 43 - (16 + -10 + -9 + 3)?
45
Evaluate 17516 - 17475 - (102 + 1 + 1).
-63
What is (-88 - -5 - 6) + -5 + 43 + -18 + -36?
-105
What is -17 + -3 + (-3 - -4) + -62?
-81
What is (85 - 7 - (-48 - -33)) + -17?
76
3 + -1 + 38 - (-56 + 62 - 23)
57
What is (117 + 4 - (11 + -8)) + -12?
106
What is -176 - -207 - (26 - 8)?
13
What is -2 + 3 + 4 + (33 - 45) + 29?
22
Calculate -734 + 735 - (86 + 1 + 8 + -10).
-84
Evaluate (1 - -2 - 1) + (-5 - -2) - (-254 - -252).
1
Calculate -84 + -17 + (13 - 20).
-108
What is 15 + (7 - (-7 - -17) - (-15 - 3))?
30
Calculate -3 - -49 - (-106 - -120 - (-9 - -1)).
24
What is (-43 - -25) + 47 - (9 - 25)?
45
What is the value of -12 + 3 + 0 + 21 + 0 + (4 - 36)?
-20
What is the value of 2 + (3 - 2) - (1 + (-5 - -7) - 25)?
25
Calculate (-17 - (19 - -4)) + 14.
-26
What is -58 + 61 - (3 - 1) - (26 - 16)?
-9
Calculate (74 - 24 - (-5 + -8 + 2)) + (9 - 0).
70
What is -1 + (0 - 2) - (-47 + 7 + -5 + -23)?
65
Evaluate -13 - (-60 - -3 - (-39 + -28 + 57)).
34
Evaluate -8 - (-34 + 10 + 1 + (31 - (41 + -9))).
16
What is -26 - -48 - (-7 + 60) - -1?
-30
Evaluate 43 - (9 - -80 - 35).
-11
What is the value of (-30 - -22) + (28 - 12) - (-1 - 1 - -24)?
-14
Calculate -12 + -7 + 1 + 3 + (-3 - 3 - 7).
-28
Evaluate 1 + 6 + (12 + 62 + -58 - (-41 + 1)).
63
What is -75 - (43 + -57 + -36)?
-25
Evaluate -10 + 21 + (12 - 6) - (-10 - 3).
30
Calculate (-99 - -71) + 22 + (0 - 19).
-25
What is (-3 - 0 - 9) + 140 + -113?
15
Calculate -2 + -1 - (9 + -1 + 15 + -12 + -3).
-11
Calculate -26 - (41 + -27) - -64.
24
Calculate (17 - -42) + 19 - 54.
24
Evaluate (57 - -1) + (-771 - -740) + 2 + 0 + 0.
29
What is (-13 - (-20 - (-6 + -2 + 6))) + (1 - -2)?
8
What is 1130 + -1092 - (-1 + -10 + (-1 - -3))?
47
Calculate 3 + (5 - 9) + 34 + -24.
9
What is -180 + 267 + -65 + 14?
36
What is -7 + (-30 - 1 - (33 + -23 + -14))?
-34
Calculate 22 + (33 - -18) + -131.
-58
(53 - (-68 - -142)) + 3 + (-117 - -1)
-134
What is the value of (65 - 64) + (-3 - (6 - -21)) + -1?
-30
What is the value of -19 + (-60 + -15 + -11 - -18)?
-87
What is 14 - 2 - 0 - (30 + 16 + -2)?
-32
What is the value of 5 + -3 + -7 + 29 + 18?
42
Evaluate -48 - -8 - (117 - 158) - -44.
45
-827 - -973 - (101 + -3)
48
What is 50 + -89 + -1 + 1362 + -1366?
-44
What is the value of (69 - 130) + 71 - (2 + 15 + (-4 - -3))?
-6
What is the value of -179 - -202 - (-5 - (-5 + -3))?
20
What is 4 + (-70 - 22) + -21 - -22?
-87
Calculate (-15 + 15 - 2) + (2 - (15 + (2 - 5))).
-12
Evaluate -978 + 972 + (-2 + 3 - -39) + 4.
38
What is (-9 - -15 - (5 + 5)) + (-5 + 5 - -9)?
5
What is (0 - (-11 + -10) - 16) + (-1 - 4)?
0
Calculate (-4 - (69 - 1)) + 26.
-46
Calculate -39 + (10 - -36 - 21).
-14
What is the value of (14754 + -14762 - (19 - 1)) + 0 + (0 - -1)?
-25
What is (-2 - -3 - -2) + -53 + 4 + -7 + 3?
-50
-13 + -22 + -7 - 24
-66
(-41 - -50 - (0 + 13)) + -11 + -30
-45
Calculate -2 - (-19 - (-17 + 34)).
34
What is -33 + 30 + -2 + -39 + -8 + (-7 - -6)?
-53
What is (-6 - 8) + (-10 - 20) + -5 - -11?
-38
Calculate -39 + 29 + (4 - -11).
5
Calculate (28 - (2 + 1)) + (2 + -35 + -6 - -35).
21
Calcu